13831?
8
What is the hundred thousands digit of 110928?
1
What is the hundreds digit of 400?
4
What is the units digit of 2009?
9
What is the units digit of 517?
7
What is the ten thousands digit of 46408?
4
What is the units digit of 856?
6
What is the units digit of 1328?
8
What is the thousands digit of 3140?
3
What is the tens digit of 1116?
1
What is the hundreds digit of 505?
5
What is the units digit of 162263?
3
What is the thousands digit of 6834?
6
What is the ten thousands digit of 24170?
2
What is the thousands digit of 21525?
1
What is the units digit of 13331?
1
What is the hundreds digit of 389?
3
What is the hundreds digit of 5016?
0
What is the tens digit of 33189?
8
What is the hundreds digit of 5348?
3
What is the tens digit of 39320?
2
What is the units digit of 2027?
7
What is the hundreds digit of 1813?
8
What is the units digit of 18443?
3
What is the tens digit of 11087?
8
What is the tens digit of 16342?
4
What is the hundreds digit of 58316?
3
What is the thousands digit of 2462?
2
What is the ten thousands digit of 36209?
3
What is the tens digit of 441?
4
What is the units digit of 975?
5
What is the hundreds digit of 1182?
1
What is the units digit of 1966?
6
What is the hundreds digit of 60270?
2
What is the units digit of 4690?
0
What is the ten thousands digit of 43105?
4
What is the tens digit of 130?
3
What is the units digit of 862?
2
What is the tens digit of 9042?
4
What is the tens digit of 286?
8
What is the units digit of 312?
2
What is the thousands digit of 1136?
1
What is the tens digit of 9394?
9
What is the thousands digit of 15718?
5
What is the ten thousands digit of 65502?
6
What is the tens digit of 55601?
0
What is the hundreds digit of 27666?
6
What is the ten thousands digit of 143866?
4
What is the thousands digit of 10220?
0
What is the hundreds digit of 997?
9
What is the tens digit of 308?
0
What is the units digit of 7843?
3
What is the thousands digit of 6372?
6
What is the units digit of 6496?
6
What is the hundreds digit of 3599?
5
What is the thousands digit of 30039?
0
What is the tens digit of 848?
4
What is the thousands digit of 1942?
1
What is the hundreds digit of 27638?
6
What is the hundreds digit of 935?
9
What is the hundreds digit of 15784?
7
What is the hundred thousands digit of 132736?
1
What is the tens digit of 331?
3
What is the thousands digit of 2023?
2
What is the hundreds digit of 6031?
0
What is the hundreds digit of 8680?
6
What is the hundreds digit of 2712?
7
What is the hundreds digit of 1388?
3
What is the ten thousands digit of 17655?
1
What is the tens digit of 812?
1
What is the units digit of 99800?
0
What is the tens digit of 25839?
3
What is the tens digit of 53121?
2
What is the tens digit of 5824?
2
What is the thousands digit of 3926?
3
What is the tens digit of 63366?
6
What is the units digit of 114780?
0
What is the units digit of 368?
8
What is the thousands digit of 53108?
3
What is the tens digit of 33355?
5
What is the units digit of 2635?
5
What is the units digit of 7025?
5
What is the tens digit of 768?
6
What is the thousands digit of 2174?
2
What is the tens digit of 746?
4
What is the hundreds digit of 6631?
6
What is the units digit of 937?
7
What is the units digit of 2860?
0
What is the hundreds digit of 2380?
3
What is the hundreds digit of 15350?
3
What is the units digit of 1012?
2
What is the ten thousands digit of 22140?
2
What is the units digit of 8041?
1
What is the units digit of 830?
0
What is the ten thousands digit of 35198?
3
What is the units digit of 120084?
4
What is the thousands digit of 24344?
4
What is the thousands digit of 4746?
4
What is the hundreds digit of 660?
6
What is the thousands digit of 23154?
3
What is the hundreds digit of 2708?
7
What is the tens digit of 1162?
6
What is the tens digit of 29515?
1
What is the hundreds digit of 1536?
5
What is the ten thousands digit of 15825?
1
What is the units digit of 30273?
3
What is the tens digit of 30049?
4
What is the units digit of 768?
8
What is the thousands digit of 1973?
1
What is the units digit of 472?
2
What is the hundreds digit of 5524?
5
What is the hundreds digit of 147?
1
What is the hundreds digit of 173?
1
What is the thousands digit of 112739?
2
What is the thousands digit of 4628?
4
What is the hundreds digit of 3848?
8
What is the tens digit of 883?
8
What is the hundred thousands digit of 116847?
1
What is the tens digit of 1889?
8
What is the tens digit of 11440?
4
What is the ten thousands digit of 71271?
7
What is the thousands digit of 1088?
1
What is the thousands digit of 5334?
5
What is the units digit of 2897?
7
What is the tens digit of 88481?
8
What is the tens digit of 137?
3
What is the hundreds digit of 291?
2
What is the units digit of 66?
6
What is the hundreds digit of 1608?
6
What is the tens digit of 1747?
4
What is the units digit of 2060?
0
What is the thousands digit of 3906?
3
What is the hundreds digit of 666?
6
What is the thousands digit of 53759?
3
What is the units digit of 2529?
9
What is the units digit of 74072?
2
What is the units digit of 5619?
9
What is the ten thousands digit of 28499?
2
What is the units digit of 86491?
1
What is the units digit of 6627?
7
What is the units digit of 7232?
2
What is the units digit of 3656?
6
What is the tens digit of 559?
5
What is the units digit of 25076?
6
What is the units digit of 831?
1
What is the tens digit of 808?
0
What is the hundreds digit of 7999?
9
What is the hundreds digit of 150?
1
What is the units digit of 766?
6
What is the units digit of 12098?
8
What is the units digit of 122?
2
What is the units digit of 4258?
8
What is the hundreds digit of 584?
5
What is the tens digit of 21606?
0
What is the thousands digit of 2835?
2
What is the units digit of 11634?
4
What is the hundreds digit of 7186?
1
What is the hundreds digit of 615?
6
What is the thousands digit of 1180?
1
What is the units digit of 12011?
1
What is the thousands digit of 5047?
5
What is the hundreds digit of 9413?
4
What is the hundreds digit of 42071?
0
What is the thousands digit of 4110?
4
What is the thousands digit of 5646?
5
What is the tens digit of 512?
1
What is the units digit of 1085?
5
What is the tens digit of 518?
1
What is the tens digit of 1938?
3
What is the hundreds digit of 25120?
1
What is the units digit of 203?
3
What is the units digit of 665?
5
What is the thousands digit of 1869?
1
What is the ten thousands digit of 12801?
1
What is the units digit of 31762?
2
What is the tens digit of 10824?
2
What is the ten thousands digit of 141976?
4
What is the hundreds digit of 352?
3
What is the hundreds digit of 5634?
6
What is the hundreds digit of 23313?
3
What is the thousands digit of 6494?
6
What is the thousands digit of 100616?
0
What is the tens digit of 21262?
6
What is the thousands digit of 2930?
2
What is the tens digit of 10772?
7
What is the units digit of 39739?
9
What is the hundreds digit of 1489?
4
What is the units digit of 1593?
3
What is the tens digit of 116?
1
What is the tens digit of 1677?
7
What is the tens digit of 1401?
0
What is the tens digit of 10?
1
What is the units digit of 3975?
5
What is the ten thousands digit of 63153?
6
What is the units digit of 17734?
4
What is the hundreds digit of 2275?
2
What is the thousands digit of 44569?
4
What is the hundreds digit of 13992?
9
What is the hundreds digit of 18316?
3
What is the units digit of 56?
6
What is the ten thousands digit of 55821?
5
What is the hundreds digit of 6089?
0
What is the units digit of 23715?
5
What is the tens digit of 748?
4
What is the units digit of 5822?
2
What is the units digit of 6982?
2
What is the thousands digit of 19702?
9
What is the units digit of 234?
4
What is the thousands digit of 1279?
1
What is the hundreds digit of 584?
5
What is the hundreds digit of 1457?
4
What is the units digit of 502?
2
What is the units digit of 3974?
4
What is the units digit of 97042?
2
What is the thousands digit of 8673?
8
What is the tens digit of 14000?
0
What is the units digit of 36774?
4
What is the thousands digit of 32518?
2
What is the thousands digit of 2114?
2
What is the hundreds digit of 38356?
3
What is the ten thousands digit of 11615?
1
What is the u